. Is l composite?
False
Suppose -3 + 0 = -l. Suppose 644 = h + l*h. Is h a composite number?
True
Let t be 1/5 + 732/(-10). Let d = 128 + t. Is d prime?
False
Suppose 4*l = -x + 3, 10 + 8 = -2*x + 4*l. Let c = -2 - x. Is (9 - 2*-1)*c prime?
False
Let g(w) = -3*w + 3. Let y be g(-5). Let x = -31 + 59. Let q = x - y. Is q a prime number?
False
Let n(y) = -y**3 - 3*y**2 - y - 1. Let b(t) = t**2 - 5*t + 2. Suppose v = -v + 4. Let x be b(v). Is n(x) a prime number?
True
Let v = -46 - -24. Let q = 12 - v. Is q a composite number?
True
Suppose -2*j + 296 = -2*u - 374, -3*j + u + 1005 = 0. Let v = -190 + j. Is v a prime number?
False
Suppose 6 = 4*y - 4*o + 2, -2*o = -4. Suppose -y*f - 170 = -5*f. Is f a composite number?
True
Let i(g) = -49*g**3 - g**2 - 2*g - 5. Suppose 2*p = -4, -8 = -2*l + 5*l - 2*p. Let c(z) = 48*z**3 + z**2 + 3*z + 6. Let k(v) = l*c(v) - 5*i(v). Is k(1) prime?
True
Let a be ((-2)/(-6))/((-2)/(-12)). Let r(s) = s**2 - 2*s - 3. Let l be r(4). Suppose -5*x + 3*p = -607, 3*x + a*x - 615 = l*p. Is x composite?
True
Let g(r) = r**3 + 12*r**2 + 5*r + 1. Suppose 5*m - 25 = -10. Suppose m - 24 = 3*z - t, 3*t = -9. Is g(z) a prime number?
False
Suppose -5*k + 150 = -0*k. Suppose -2*c - c + 9 = 0. Suppose -c*d + 159 = k. Is d composite?
False
Let l = 34 + -20. Suppose -18*y + l*y = -284. Is y prime?
True
Suppose -v = -3*n - 2 + 9, -n + 1 = -v. Suppose 24 + 36 = 3*l + n*r, 4*l = -r + 77. Let b = -9 + l. Is b a prime number?
False
Suppose -3*w - 657 = -2118. Is w prime?
True
Let h(u) = 2*u + 23. Let p be h(-10). Suppose -7*t + 3*o = -p*t - 899, -5*t = -o - 1110. Is t a composite number?
True
Let q(m) = 4*m**2 + 8*m - 13. Is q(-10) a composite number?
False
Suppose 0 = 5*f - f - 56. Suppose -c = f - 205. Is c a composite number?
False
Suppose 0 = -5*p - 211 + 921. Is p a composite number?
True
Let b be 6802/4 + (-39)/(-26). Suppose -3*j = -b - 1211. Is j a composite number?
False
Let g(z) = 111*z + 7. Is g(6) a composite number?
False
Suppose 3*y + 30 = 5*y. Suppose -2*h - y = -5*h. Suppose h*q = a - 40, -q - 55 = -5*a + 217. Is a composite?
True
Suppose -3*r = 32 - 11. Let u = -11 - r. Is u/(-6)*-3 + 16 a prime number?
False
Suppose 357 - 945 = -4*j. Suppose -2*u - u + j = 0. Is u a composite number?
True
Let n = -340 - -1059. Is n composite?
False
Let q(w) = 14*w**2 - 10*w + 5. Is q(5) composite?
True
Is 3 + (139 + -4 - -1) a composite number?
False
Let d = -17 - -20. Is 6/(0 - d) + 141 a prime number?
True
Let m be 1 - (1 - (1 + -1)). Let z(a) = 2*a**2 - a. Let n be z(-1). Suppose m = -k + 20 + n. Is k a prime number?
True
Let o = -5 - -8. Let n be o*-1 - 340/(-5). Suppose -2*m = 4*w, 5*m = m + 5*w + n. Is m a composite number?
True
Let w(n) = -n**3 + 7*n**2 + n - 4. Let j be w(7). Suppose -j*m = -m - 18. Is (1 - 6/m)*159 prime?
True
Let p = 13 - -130. Is p a prime number?
False
Let g(x) = 2*x**2 - 4*x + 2. Let b(p) = p**3 - 4*p**2 + p - 2. Let i be b(4). Let j be g(i). Suppose -5 - 21 = -j*u. Is u prime?
True
Let v(s) = -47*s - 3. Let i be v(2). Let l = 143 + i. Is l a prime number?
False
Suppose 6*v = -74 + 620. Is v composite?
True
Suppose -4*j = -6*j. Suppose -4*x - g + 4*g + 6 = j, 0 = -3*g - 6. Let n = x + 3. Is n composite?
False
Let u be 6/3 + (-306)/2. Let f = -3 - u. Is ((-5)/(-10))/(2/f) a prime number?
True
Let q(s) = s + 13. Let j be q(-10). Suppose -j*x - 3*c + 2*c = -286, -4*c - 311 = -3*x. Is x prime?
True
Let d(n) = 10*n**2 - 2*n - 3. Let b = 13 - 9. Is d(b) a prime number?
True
Suppose 5*i = -15, 7 = -3*v - 2*i - 23. Let x be (-1)/2 - (-5)/2. Is (v/(-12))/(x/33) a prime number?
True
Suppose 0 = -5*n - 5*l + 8960, -2*l = -3*n + 2183 + 3208. Is n a composite number?
True
Let d = 4 - 5. Let q = 4 + d. Suppose 2*a + q*a - 385 = 0. Is a a prime number?
False
Let t(o) = -o**3 - 2*o**2. Let s be t(-2). Suppose -z + 1 + 6 = s. Is z a prime number?
True
Let t = 322 - -737. Is 1/2 - t/(-6) prime?
False
Is (-3 + 68/16)/(1/388) composite?
True
Suppose -12 = -6*g + 2*g. Suppose -4*q - 2 = -10. Suppose 0 = -g*u - 6, 39 = 5*f - q*u - 40. Is f composite?
True
Let m(y) = -3 + y**2 - 2 + 2*y + 6. Let d be m(-2). Is 5 - d*(1 + 1) a prime number?
True
Suppose -2*b + 3*b - 5*k = 118, -564 = -5*b - k. Is b composite?
False
Let b be 0 + (1 - (0 - 18)). Suppose -i + b = 4*h, h + 0 - 7 = -i. Suppose j + 237 = h*j. Is j a prime number?
True
Suppose -n + o - 1 = 0, -3*o = -7 - 2. Suppose -4*a + 763 = 3*t, -2*t + 3*t + 369 = n*a. Is a prime?
False
Suppose -2*r = -3*r + 53. Let k = -27 + r. Is k a composite number?
True
Let r = 142 - 67. Suppose 0 = t - 34 - r. Is t composite?
False
Suppose -12 = m - 2*m. Let u be 4/3*m/8. Is 2/(-4) + 323/u a prime number?
False
Suppose 0 = 3*j - 4*b - 2659, 5*j + 8*b - 4455 = 3*b. Is j composite?
True
Suppose -8 - 4 = -3*s. Suppose 0 = -r - s*n + 139, 0 = 3*r + 3*n - 0*n - 390. Is r a prime number?
True
Let v = 4398 - 2863. Is v composite?
True
Let r be ((-9)/(-6))/(2/4). Is 0 - r - 545/(-5) a composite number?
True
Let x(f) = 6*f**2 - 7*f + 11. Is x(6) prime?
False
Let q be (1956/(-15))/((-2)/10). Suppose 0*l + 4*l - q = 0. Is l composite?
False
Let t(i) = -i**2 - i + 16. Let m be t(0). Suppose 4*a - m = 0, 3*d = 2*d + 3*a + 79. Let z = d - 58. Is z a prime number?
False
Let i(q) = q**3 + 26*q**2 - 8*q - 29. Is i(-18) a composite number?
False
Let i(m) = 49*m + 13. Suppose u = -3*u + 5*a + 14, -5*a + 28 = 3*u. Is i(u) a composite number?
False
Suppose 0 = -3*i + i + 78. Suppose -i = -2*g + 135. Is g a composite number?
True
Is 670/(-5)*(-21)/6 composite?
True
Let s = 114 + -35. Is s a composite number?
False
Let t(q) = -141*q + 43. Is t(-6) composite?
True
Let p = 1416 + -505. Is p a composite number?
False
Suppose -758 = -b - b. Is b a prime number?
True
Let r = -67 - -238. Let j = r - 94. Is j a prime number?
False
Let t(w) = w**3 + 4*w**2 - 7*w - 7. Let f = -6 - -1. Let l be t(f). Suppose -l*z = -2*c - 104, z - 5*c - 73 = -z. Is z a composite number?
True
Suppose -3*p + 16 = -5*y, -5*y - 2 = -0*p - p. Let l(q) = -q**3 + 8*q**2 - 6*q. Is l(p) prime?
True
Let p = 66 - 47. Is p a prime number?
True
Let h(z) = 2*z + 3. Suppose 2*a = -5*y + 40, 2*y = 2*a + a - 3. Let x be h(y). Let v = 36 - x. Is v a prime number?
False
Suppose -3*u = -5*y + 2*u + 35, 3*u + 5 = -5*y. Suppose 0*v + 172 = y*v. Is v a composite number?
True
Let j be 27/(-2)*(-5 + 1). Suppose 0 = 3*w - 6*w + j. Suppose -5*p - 3*u + 26 = 0, 3*p - 2*u = -3*u + w. Is p a prime number?
True
Let l = 1227 - 184. Is l a prime number?
False
Suppose 3*d = 3*l + d - 121, 158 = 4*l - 2*d. Is l prime?
True
Let j(r) = -r**3 + 9*r**2 - 7*r - 1. Let m(o) = -o**3 + 9*o**2 - 7*o - 1. Let z(d) = 7*j(d) - 6*m(d). Let i = -4 + 12. Is z(i) composite?
False
Let d(i) = -i**3 - i**2 - i + 1. Let q(r) = -4*r**3 + 3*r**2 - 22*r - 6. Let l(f) = 5*d(f) - q(f). Is l(-11) a composite number?
True
Suppose -v + 7*k + 173 = 3*k, 5*v + 4*k - 841 = 0. Is v prime?
False
Let d(y) be the first derivative of 2*y**3 + 5*y**2 + 5*y - 7. Is d(8) a composite number?
True
Let s(d) = 36*d**3 + 4*d**2 - 4*d + 2. Let q be s(2). Suppose -5*h - 642 = 393. Let g = h + q. Is g composite?
True
Let u = -22 - -25. Suppose -6*h + u*h = -177. Is h a composite number?
False
Let l(f) = -2*f - 3. Let n be l(-2). Suppose -j + 14 = -n. Is j a composite number?
True
Suppose -2*m + 2*c = -22, m = 2*c - 4*c - 1. Let v = m - 9. Is v/7 - (-471)/7 a prime number?
True
Let u(a) = 11*a**2 + a - 1. Let w = 5 - 1. Is u(w) a composite number?
False
Suppose -3*j = -5*j - 4, -2 = 2*p + 2*j. Is 1 + 0 + 6*p composite?
False
Let d(c) = -6 + 0*c**2 - 3*c**2 + 0*c**2 - 3*c + 2 + c**3. Is d(5) a prime number?
True
Let w(s) = s**3 - 14*s**2 - 6*s + 13. Let y be w(15). Is (-2 + y)/1 - -3 composite?
False
Let d = 0 + 2. Suppose -1 = k, -d*q = -0*q - 2*k - 52. Is q a composite number?
True
Suppose -10 + 58 = 3*b. Let z be (-1)/(2/(-6)) - 0. Suppose -z*l = -b - 41. Is l a composite number?
False
Let j = 94 - 56. Suppose 2*d + 11 - 17 = 0. Let s = j - d. Is s composite?
True
Is (-2 - 369)*(-2 + 1) a prime number?
False
Suppose 0 = -5*o + 776 + 649. Let j = -126 + o. Is (j/(-6))/((-3)/6) composite?
False
Suppose -5*n = -7*n + 170. Is n a composite number?
True
Let y(d) = 76*d - 3. Is y(16) composite?
False
Suppose 5*g - 20 = -4*h, -5*